{"id":289,"date":"2015-09-17T18:15:08","date_gmt":"2015-09-17T16:15:08","guid":{"rendered":"http:\/\/www.gykovy.cz\/sach\/?page_id=289"},"modified":"2024-04-12T10:06:58","modified_gmt":"2024-04-12T08:06:58","slug":"archiv-tistenych-vydani","status":"publish","type":"page","link":"https:\/\/www.gykovy.cz\/sach\/archiv-tistenych-vydani\/","title":{"rendered":"Archiv ti\u0161t\u011bn\u00fdch vyd\u00e1n\u00ed"},"content":{"rendered":"<h4>Ti\u0161t\u011bn\u00e1 vyd\u00e1n\u00ed jsou dostupn\u00e1 v pdf verzi:<\/h4>\n<h3>24. ro\u010dn\u00edk 2023\/2024<\/h3>\n<ul>\n<li><a href=\"https:\/\/www.gykovy.cz\/sach\/wp-content\/uploads\/2023\/10\/SACH-RIJEN-2023-web.pdf\">\u010c\u00edslo 1 &#8211; \u0158\u00edjen<\/a><\/li>\n<li><a href=\"https:\/\/www.gykovy.cz\/sach\/wp-content\/uploads\/2023\/12\/SACH-PROSINEC-1.pdf\">\u010c\u00edslo 2 &#8211; Prosinec<\/a><\/li>\n<li><a href=\"https:\/\/www.gykovy.cz\/sach\/wp-content\/uploads\/2024\/02\/SACH-UNOR-web.pdf\">\u010c\u00edslo 3 &#8211; \u00danor<\/a><\/li>\n<li><a href=\"https:\/\/www.gykovy.cz\/sach\/wp-content\/uploads\/2024\/04\/SACH-DUBEN-web.pdf\">\u010c\u00edslo 4 &#8211; Duben<\/a><\/li>\n<\/ul>\n<h3>23. ro\u010dn\u00edk 2022\/2023<\/h3>\n<ul>\n<li><a href=\"https:\/\/www.gykovy.cz\/sach\/wp-content\/uploads\/2022\/10\/SACH-RIJEN-compressed-1.pdf\">\u010c\u00edslo 1 &#8211; \u0158\u00edjen<\/a><\/li>\n<li><a href=\"https:\/\/www.gykovy.cz\/sach\/wp-content\/uploads\/2022\/11\/SACH-SPECIAL-compressed-1.pdf\">\u010c\u00edslo 2 &#8211; Speci\u00e1l<\/a><\/li>\n<li><a href=\"https:\/\/www.gykovy.cz\/sach\/wp-content\/uploads\/2022\/12\/Sach-prosinec-compressed.pdf\">\u010c\u00edslo 3 &#8211; Prosinec<\/a><\/li>\n<li><a href=\"https:\/\/www.gykovy.cz\/sach\/wp-content\/uploads\/2023\/02\/SACH-UNOR-compressed.pdf\">\u010c\u00edslo 4 &#8211; \u00danor<\/a><\/li>\n<li><a href=\"https:\/\/www.gykovy.cz\/sach\/wp-content\/uploads\/2023\/04\/SACH-DUBEN-compressed.pdf\">\u010c\u00edslo 5 &#8211; Duben<\/a><\/li>\n<li><a href=\"https:\/\/www.gykovy.cz\/sach\/wp-content\/uploads\/2023\/06\/SACH-CERVEN-digital_compressed.pdf\">\u010c\u00edslo 6 &#8211; \u010cerven<\/a><\/li>\n<\/ul>\n<h3>22. ro\u010dn\u00edk 2021\/2022<\/h3>\n<ul>\n<li><a href=\"https:\/\/www.gykovy.cz\/sach\/wp-content\/uploads\/2021\/11\/sach_listopad2021.pdf\">\u010c\u00edslo 1 &#8211; Listopad<\/a><\/li>\n<li><a href=\"https:\/\/www.gykovy.cz\/sach\/wp-content\/uploads\/2021\/12\/sach_prosinec2021.pdf\">\u010c\u00edslo 2 &#8211; Prosinec<\/a><\/li>\n<li><a href=\"https:\/\/www.gykovy.cz\/sach\/wp-content\/uploads\/2022\/02\/sach_unor2022.pdf\">\u010c\u00edslo 3 &#8211; \u00danor<\/a><\/li>\n<li><a href=\"https:\/\/www.gykovy.cz\/sach\/wp-content\/uploads\/2022\/04\/sach_duben2022.pdf\">\u010c\u00edslo 4 &#8211; Duben<\/a><\/li>\n<li><a href=\"https:\/\/www.gykovy.cz\/sach\/wp-content\/uploads\/2022\/06\/SACH-CERVEN-2.pdf\">\u010c\u00edslo 5 &#8211; \u010cerven<\/a><\/li>\n<\/ul>\n<h3>&#8230;<\/h3>\n<h3>18. ro\u010dn\u00edk 2017\/2018<\/h3>\n<ul>\n<li>\u010c\u00edslo 1 &#8211; \u0158\u00edjen <a href=\"https:\/\/issuu.com\/casopissach\/docs\/rijen2017\" target=\"_blank\" rel=\"noopener\">Issuu<\/a>\/<a href=\"https:\/\/www.gykovy.cz\/sach\/wp-content\/uploads\/2015\/09\/rijen2017.compressed-.pdf\" target=\"_blank\" rel=\"noopener\">PDF<\/a><\/li>\n<li>\u010c\u00edslo 2 &#8211; Leden <a href=\"https:\/\/issuu.com\/casopissach\/docs\/leden2018\" target=\"_blank\" rel=\"noopener\">Issuu<\/a>\/<a href=\"https:\/\/www.gykovy.cz\/sach\/wp-content\/uploads\/2015\/09\/leden2018.compressed.pdf\" target=\"_blank\" rel=\"noopener\">PDF<\/a><\/li>\n<\/ul>\n<h3>17. ro\u010dn\u00edk 2016\/2017<\/h3>\n<ul>\n<li>\u010c\u00edslo 1 &#8211; \u0158\u00edjen <a href=\"https:\/\/issuu.com\/casopissach\/docs\/rijen2016\" target=\"_blank\" rel=\"noopener\">Issuu<\/a>\/<a href=\"https:\/\/www.gykovy.cz\/sach\/wp-content\/uploads\/2015\/09\/rijen2016.pdf\" target=\"_blank\" rel=\"noopener\">PDF<\/a><\/li>\n<li>\u010c\u00edslo 2 &#8211; Leden <a href=\"https:\/\/issuu.com\/casopissach\/docs\/leden2017\" target=\"_blank\" rel=\"noopener\">Issuu<\/a>\/<a href=\"https:\/\/www.gykovy.cz\/sach\/wp-content\/uploads\/2015\/09\/leden2017.pdf\" target=\"_blank\" rel=\"noopener\">PDF<\/a><\/li>\n<li>\u010c\u00edslo 3\u00a0&#8211; B\u0159ezen <a href=\"https:\/\/issuu.com\/casopissach\/docs\/brezen2017\" target=\"_blank\" rel=\"noopener\">Issuu<\/a>\/<a href=\"https:\/\/www.gykovy.cz\/sach\/wp-content\/uploads\/2015\/09\/brezen2017.compressed.pdf\" target=\"_blank\" rel=\"noopener\">PDF<\/a><\/li>\n<li>\u010c\u00edslo 4\u00a0&#8211; \u010cerven\u00a0<a href=\"https:\/\/issuu.com\/casopissach\/docs\/cerven2017\" target=\"_blank\" rel=\"noopener\">Issuu<\/a>\/<a href=\"https:\/\/www.gykovy.cz\/sach\/wp-content\/uploads\/2015\/09\/cerven2017.compressed.pdf\" target=\"_blank\" rel=\"noopener\">PDF<\/a><\/li>\n<\/ul>\n<h3>16. ro\u010dn\u00edk 2015\/2016<\/h3>\n<ul>\n<li><a href=\"https:\/\/www.gykovy.cz\/sach\/wp-content\/uploads\/2015\/11\/rijen1.pdf\">\u010c\u00edslo 1 &#8211; \u0158\u00edjen<\/a><\/li>\n<li><a href=\"https:\/\/www.gykovy.cz\/sach\/wp-content\/uploads\/2016\/01\/prosinec2.pdf\">\u010c\u00edslo 2 &#8211; Prosinec<\/a><\/li>\n<li><a href=\"https:\/\/www.gykovy.cz\/sach\/wp-content\/uploads\/2016\/05\/duben.pdf\">\u010c\u00edslo 3 &#8211; Duben<\/a><\/li>\n<li><a href=\"https:\/\/www.gykovy.cz\/sach\/wp-content\/uploads\/2016\/06\/cerven2016.pdf\">\u010c\u00edslo 4 &#8211; \u010cerven<\/a><\/li>\n<li><a href=\"https:\/\/www.gykovy.cz\/sach\/wp-content\/uploads\/2014\/07\/tvurci-psani1.compressed.pdf\">Tv\u016fr\u010d\u00ed psan\u00ed &#8211; 1. pololet\u00ed<\/a><\/li>\n<li><a href=\"https:\/\/www.gykovy.cz\/sach\/wp-content\/uploads\/2016\/07\/tvurci-psani2.pdf\">Tv\u016fr\u010d\u00ed\u00a0psan\u00ed &#8211; 2. pololet\u00ed<\/a><\/li>\n<\/ul>\n<h3>15. ro\u010dn\u00edk 2014\/2015<\/h3>\n<ul>\n<li><a href=\"https:\/\/www.gykovy.cz\/sach\/wp-content\/uploads\/2015\/07\/sach.pdf\">\u010c\u00edslo 1<\/a><\/li>\n<\/ul>\n<h3>14. ro\u010dn\u00edk 2013\/2014<\/h3>\n<ul>\n<li><a href=\"https:\/\/www.gykovy.cz\/sach\/wp-content\/uploads\/2015\/03\/r-14-c-1.pdf\">\u010c\u00edslo 1<\/a><\/li>\n<\/ul>\n<h3>13. ro\u010dn\u00edk 2012\/2013<\/h3>\n<ul>\n<li>\u017e\u00e1dn\u00e9 \u010d\u00edslo se nedochovalo<\/li>\n<\/ul>\n<h3>12. ro\u010dn\u00edk 2011\/2012<\/h3>\n<ul>\n<li>\u017e\u00e1dn\u00e9 \u010d\u00edslo se nedochovalo<\/li>\n<\/ul>\n<h3>11. ro\u010dn\u00edk 2010\/2011<\/h3>\n<ul>\n<li><a href=\"https:\/\/www.gykovy.cz\/sach\/wp-content\/uploads\/2014\/07\/sach20100201.pdf\">\u010c\u00edslo 1<\/a><\/li>\n<li><a href=\"https:\/\/www.gykovy.cz\/sach\/wp-content\/uploads\/2014\/07\/sach20100430.pdf\">\u010c\u00edslo 2<\/a><\/li>\n<\/ul>\n<h3>10. ro\u010dn\u00edk 2009\/2010<\/h3>\n<ul>\n<li><a href=\"https:\/\/www.gykovy.cz\/sach\/wp-content\/uploads\/2014\/07\/sach20091030.pdf\">\u010c\u00edslo 1<\/a><\/li>\n<li><a href=\"https:\/\/www.gykovy.cz\/sach\/wp-content\/uploads\/2014\/07\/sach20100201.pdf\">\u010c\u00edslo 2<\/a><\/li>\n<li><a href=\"https:\/\/www.gykovy.cz\/sach\/wp-content\/uploads\/2014\/07\/sach20100430.pdf\">\u010c\u00edslo 3<\/a><\/li>\n<\/ul>\n<h3>9. ro\u010dn\u00edk 2008\/2009<\/h3>\n<ul>\n<li><a href=\"https:\/\/www.gykovy.cz\/sach\/wp-content\/uploads\/2014\/07\/sach20081128.pdf\">\u010c\u00edslo 1<\/a><\/li>\n<li><a href=\"https:\/\/www.gykovy.cz\/sach\/wp-content\/uploads\/2014\/07\/sach20090130.pdf\">\u010c\u00edslo 2<\/a><\/li>\n<li><a href=\"https:\/\/www.gykovy.cz\/sach\/wp-content\/uploads\/2014\/07\/sach20090430.pdf\">\u010c\u00edslo 3<\/a><\/li>\n<li><a href=\"https:\/\/www.gykovy.cz\/sach\/wp-content\/uploads\/2014\/07\/sach20090622.pdf\">\u010c\u00edslo 4<\/a><\/li>\n<\/ul>\n<h3>8. ro\u010dn\u00edk 2007\/2008<\/h3>\n<ul>\n<li><a href=\"https:\/\/www.gykovy.cz\/sach\/wp-content\/uploads\/2014\/07\/sach20071101.pdf\">\u010c\u00edslo 1<\/a><\/li>\n<li><a href=\"https:\/\/www.gykovy.cz\/sach\/wp-content\/uploads\/2014\/07\/sach20080201.pdf\">\u010c\u00edslo 2<\/a><\/li>\n<li><a href=\"https:\/\/www.gykovy.cz\/sach\/wp-content\/uploads\/2014\/07\/sach20080428.pdf\">\u010c\u00edslo 3<\/a><\/li>\n<li><a href=\"https:\/\/www.gykovy.cz\/sach\/wp-content\/uploads\/2014\/07\/sach20080623.pdf\">\u010c\u00edslo 4<\/a><\/li>\n<\/ul>\n<h3>7. ro\u010dn\u00edk\u00a02006\/2007<\/h3>\n<ul>\n<li><a href=\"https:\/\/www.gykovy.cz\/sach\/wp-content\/uploads\/2014\/07\/sach20061222.pdf\">\u010c\u00edslo 2<\/a><\/li>\n<\/ul>\n<h3>6. ro\u010dn\u00edk 2005\/2006<\/h3>\n<ul>\n<li>\u017e\u00e1dn\u00e9 \u010d\u00edslo se nedochovalo<\/li>\n<\/ul>\n<h3>5. ro\u010dn\u00edk 2004\/2005<\/h3>\n<ul>\n<li><a href=\"https:\/\/www.gykovy.cz\/sach\/wp-content\/uploads\/2014\/07\/sach20041105.pdf\">\u010c\u00edslo 1<\/a><\/li>\n<li><a href=\"https:\/\/www.gykovy.cz\/sach\/wp-content\/uploads\/2014\/07\/sach20050117.pdf\">\u010c\u00edslo 2<\/a><\/li>\n<\/ul>\n<h3>4. ro\u010dn\u00edk\u00a02003\/2004<\/h3>\n<ul>\n<li><a href=\"https:\/\/www.gykovy.cz\/sach\/wp-content\/uploads\/2014\/07\/sach20031114.pdf\">\u010c\u00edslo 1<\/a><\/li>\n<li><a href=\"https:\/\/www.gykovy.cz\/sach\/wp-content\/uploads\/2014\/07\/sach20040210.pdf\">\u010c\u00edslo 2<\/a><\/li>\n<li><a href=\"https:\/\/www.gykovy.cz\/sach\/wp-content\/uploads\/2014\/07\/sach20040528.pdf\">\u010c\u00edslo 4<\/a><\/li>\n<\/ul>\n<h3>3. ro\u010dn\u00edk 2002\/2003<\/h3>\n<ul>\n<li><a href=\"https:\/\/www.gykovy.cz\/sach\/wp-content\/uploads\/2014\/07\/sach20021025.pdf\">\u010c\u00edslo 1<\/a><\/li>\n<li><a href=\"https:\/\/www.gykovy.cz\/sach\/wp-content\/uploads\/2014\/07\/sach20030117.pdf\">\u010c\u00edslo 2<\/a><\/li>\n<li><a href=\"https:\/\/www.gykovy.cz\/sach\/wp-content\/uploads\/2014\/07\/sach20030326.pdf\">\u010c\u00edslo 3<\/a><\/li>\n<li><a href=\"https:\/\/www.gykovy.cz\/sach\/wp-content\/uploads\/2014\/07\/sach20030529.pdf\">\u010c\u00edslo 4<\/a><\/li>\n<\/ul>\n<h3>2. ro\u010dn\u00edk 2001\/2002<\/h3>\n<ul>\n<li><a href=\"https:\/\/www.gykovy.cz\/sach\/wp-content\/uploads\/2014\/07\/sach20011101.pdf\">\u010c\u00edslo 1<\/a><\/li>\n<li><a href=\"https:\/\/www.gykovy.cz\/sach\/wp-content\/uploads\/2014\/07\/sach20011210.pdf\">\u010c\u00edslo 2<\/a><\/li>\n<li><a href=\"https:\/\/www.gykovy.cz\/sach\/wp-content\/uploads\/2014\/07\/sach20020430.pdf\">\u010c\u00edslo 4<\/a><\/li>\n<\/ul>\n<h3>1. ro\u010dn\u00edk 2000\/2001<\/h3>\n<ul>\n<li><a href=\"https:\/\/www.gykovy.cz\/sach\/wp-content\/uploads\/2014\/07\/sach20001031.pdf\">\u010c\u00edslo 1<\/a><\/li>\n<li><a href=\"https:\/\/www.gykovy.cz\/sach\/wp-content\/uploads\/2014\/07\/sach20010411.pdf\">\u010c\u00edslo 4<\/a><\/li>\n<\/ul>\n","protected":false},"excerpt":{"rendered":"<p class=\"post-excerpt\">Ti\u0161t\u011bn\u00e1 vyd\u00e1n\u00ed jsou dostupn\u00e1 v pdf verzi: 24. ro\u010dn\u00edk 2023\/2024 \u010c\u00edslo 1 &#8211; \u0158\u00edjen \u010c\u00edslo 2 &#8211; Prosinec \u010c\u00edslo 3&#8230;<\/p>\n","protected":false},"author":13,"featured_media":0,"parent":0,"menu_order":-50,"comment_status":"open","ping_status":"closed","template":"","meta":{"footnotes":""},"jetpack_sharing_enabled":true,"_links":{"self":[{"href":"https:\/\/www.gykovy.cz\/sach\/wp-json\/wp\/v2\/pages\/289"}],"collection":[{"href":"https:\/\/www.gykovy.cz\/sach\/wp-json\/wp\/v2\/pages"}],"about":[{"href":"https:\/\/www.gykovy.cz\/sach\/wp-json\/wp\/v2\/types\/page"}],"author":[{"embeddable":true,"href":"https:\/\/www.gykovy.cz\/sach\/wp-json\/wp\/v2\/users\/13"}],"replies":[{"embeddable":true,"href":"https:\/\/www.gykovy.cz\/sach\/wp-json\/wp\/v2\/comments?post=289"}],"version-history":[{"count":5,"href":"https:\/\/www.gykovy.cz\/sach\/wp-json\/wp\/v2\/pages\/289\/revisions"}],"predecessor-version":[{"id":1585,"href":"https:\/\/www.gykovy.cz\/sach\/wp-json\/wp\/v2\/pages\/289\/revisions\/1585"}],"wp:attachment":[{"href":"https:\/\/www.gykovy.cz\/sach\/wp-json\/wp\/v2\/media?parent=289"}],"curies":[{"name":"wp","href":"https:\/\/api.w.org\/{rel}","templated":true}]}}